+ -23 + 10 + -14 + 78 - 9)?
-64
What is the value of (59 - 162) + (-7 - 4 - 4) - (3 + 2)?
-123
2 + 2 + 0 + -3 + 53 + -45 - -42
51
Evaluate (-10 - (-3 + -6 + -7)) + (-6 - -13 - -17).
30
What is 21 + (-57 - -84) + 2?
50
138 + (-31 - 17) + -83
7
What is (0 - -16) + (7 - 17 - -3) + -79?
-70
Evaluate -114 - (-10 + (8 - 4) + -9 + -15 + 18).
-102
(15 - (-29 + 53)) + (2 - (3 + 13))
-23
What is the value of -200 + 196 + -80 + -11?
-95
Evaluate -62 - (6 + -16) - -34.
-18
-12 + (-18 - 19) - -37 - (0 + 13)
-25
Evaluate 11 - 1 - (1 + 5 + -40 + -7 + -1).
52
What is the value of 26 + (-101 - -71) - (9 + -8)?
-5
Calculate (0 + -2 - 0) + -1 - (-974 - -1051).
-80
Calculate 21 - (69 + -36) - (6 + -4 - (-2 + -44)).
-60
-29 + -5 + (-13 - (-24 + 22))
-45
What is the value of (53 - 13) + 1 + -31 + -88?
-78
Evaluate 126 + (-25 - -16) + (1 - 5) - (0 + 12).
101
What is -53 - (-73 + (-100 - -62))?
58
-48 + (78 + -83 - 26)
-79
Evaluate (-5 - -4) + -31 - (94 + -66 + -20).
-40
What is 19 + 121 + (-49 - 26)?
65
Calculate (8 - (-1 - -3 - 4)) + (-64585 - -64668).
93
Calculate 0 + -72 - (114 - 103).
-83
Calculate -2 + 0 - 8 - (-36 + -6).
32
104 + (-119 - (16 - 85))
54
10 - (-20 - -6 - -9 - (40 + 8 - -4))
67
What is the value of (-43 - (-25 - -15)) + 1 - 5?
-37
What is the value of (1 + 3 + -2 - 30) + (3 - -3)?
-22
1 + 4 + (-9 + 12 - 18) + (-57 - 2)
-69
Calculate 56 - (2 + 73 + -56).
37
Calculate (-767 - -833) + -61 + 2.
7
What is the value of -22 + 3 + 2 - (30 + -45)?
-2
Calculate -53 + (2 - 4) + 0 + (-1580 - -1580) + 2.
-53
Evaluate -14 + (28 - 35 - (16 - (-8 + 2))).
-43
Evaluate (-3 - -2) + 0 + (40 - (70 - 43)) + 42.
54
(-11 - 3) + (84 - (27 - -27))
16
What is the value of (22 - (-42 - -71)) + 2 + 38?
33
What is 3 - -3 - (89 - 70) - -30?
17
What is (4 - -8) + 5 - (-12 - (-7 + 6)) - -12?
40
Calculate (-4 - (-6 - -4) - 5) + -19 + -15.
-41
1109 + -1124 + (110 + (3 - 2) - -4)
100
What is the value of 32 - (19 + 5 + -2 + -18)?
28
37 + -76 + -4 + 0 + 1 + 25 + -15
-32
Calculate -88 - (-15 - (35 - -6)).
-32
-22 + 3 - (-41 - (-67 + -8))
-53
Evaluate (2 - 1) + (-18 - -8 - (-25 + 14 - 10)).
12
What is 5 + 1 + 22 + -13 + -20 + 11?
6
What is -966 - -925 - (-1 + -2) - -14?
-24
What is (-27 - (-68 + (-15 - -39))) + -22?
-5
What is the value of (21 - 27) + -27 + (2 + -12 + 4 - -2)?
-37
Evaluate 16 + -1 + 4 + 123 + -131 + -72.
-61
What is -135 - (-59 - 47 - 19)?
-10
0 + -11 + 1 + 0 + 1 + (-3461 - -3422)
-48
Calculate 2 + -10 + (-60 + -116 - -244).
60
Evaluate -65 - (-8 + (15 - 10 - 10 - -4)) - -3.
-53
What is the value of -24 + 17 + 249 + -271?
-29
Evaluate (-1 - (-1 + 14)) + 158 + (-290 - -129).
-17
4 - ((10 - (8 - -21)) + 9)
14
What is the value of -2 - (-3 - 8) - ((16 - 9) + -4 + -2)?
8
(115 - (-1 + 301)) + 60
-125
Calculate 15 - (-7 - (17 + -12) - (-5 + -5)) - -8.
25
Evaluate -23 - (18 + -11 - 31) - (-6 - 57).
64
(51 - (50 + -38)) + 3 + (10 - 4) - -4
52
Calculate 0 + -89 + 22192 + -22094.
9
-20 - -1 - (7293 + -7271)
-41
What is 26 + (15 - 9) - (-13 - -17) - -5?
33
What is 92 - 45 - -15 - 23?
39
What is the value of 6 - 11 - (133 - 137 - (0 - -5))?
4
498 - 505 - (35 - (-6 + 1))
-47
What is -73 + (22 - -45) - -39?
33
What is the value of -25 + -1 - (123 + -34 + -64)?
-51
What is the value of 10 + 0 + 34 + -15 + 2 + 16?
47
What is -20 - -33 - (18 + -1 - 62)?
58
What is (-72 - 4 - -66) + (3 + -4 + 89 - -2)?
80
What is 5 - (-3 - -44) - (-22 - (23 + -52))?
-43
What is the value of -7 - (4 - (49 - 32)) - -70?
76
Evaluate 3 + (-44 - -55) + 0 + -68.
-54
Calculate (14 - 16) + 108 + (-87 - -127).
146
Evaluate 37 - ((-81 - -146) + -24).
-4
What is (-161 - -165 - (10 - 0) - -2) + 7?
3
What is the value of (13 + -17 - -4 - 13) + 21 + -13?
-5
Calculate (181 - 203 - (4 + (-26 - -2))) + -129.
-131
Calculate (0 - -1) + 80 + (5690 - 5717).
54
What is the value of (-225 - -237) + (-3 - (11 + 1)) - -123?
120
Evaluate -4 + -7 + (1 - (2 - 10)) - (-35 + 50).
-17
1326 + -1329 + -15 + 2
-16
What is the value of 50 + (77 - 17) - 120?
-10
Evaluate 34 - 0 - (522 + -463 + 0 + -73).
48
-45 - (0 + (2 - -4) + (-8 - -12))
-55
19 + 11 + (-13 - -14)
31
What is (-6 - (16 - 24)) + 1 + -1 - (-17 + -2)?
21
What is the value of -36 - (-14 + (2 - -10) - 2)?
-32
What is (-15 - 1) + (155 + -150 - (-2 + -3 + 3))?
-9
What is the value of (-109 - -95 - (0 + 1)) + (2 - 8 - 2)?
-23
What is the value of (-1 - (5 - -15) - -38) + -1?
16
What is -11 - 1 - (1 - (2 + -1 + 10)) - 43?
-45
Calculate 32 + -47 - (-12 - -18).
-21
Evaluate -30 + 88 + -22 - -12 - -35.
83
(-6 + 15 - -1) + -244 + 218 - (-1 + 7)
-22
-9 - (4 + -2) - (-97 - -62 - -33) - 34
-43
Evaluate 19 - (-41 + (-20 - -40)).
40
Evaluate 2 - (-5 - -20 - 14) - 33.
-32
What is the value of 88 + -9 + -131 + -14?
-66
-9 + 1 - ((-21 - -2) + -16 + 2)
25
Calculate -58 + 1 - (220 + -217).
-60
Calculate (-80 + 65 - -45) + -40.
-10
What is -49 - 4 - (25 + -38 + -8)?
-32
Evaluate (1 - -10) + 1 - (-115 - (51 + -60 - 18)).
100
What is the value of -277 + 212 - (3 + -4 - 3 - (3 + 0))?
-58
What is -24 + -36 + 16 + -8 + 6?
-46
(-2 - -22) + 20 + -40
0
What is 72 - 89 - (-57 - -3)?
37
What is -8 + 8 + 1 - (-21 + 39)?
-17
Calculate 42 + (-25 - (-9 - 6)).
32
What is -16 + (16 - (4 - 7)) + 33?
36
What is the value of (-2 + 3 - (-2 - 32)) + -3 + (4 - 15)?
21
What is (2 - 2) + (-2461 - -2514)?
53
What is the value of 10 + -47 - (7 - (17 - -15))?
-12
What is (2 - -27) + -40 + 27 + 2 + 26?
44
What is (-1 - -2) + -17 + (-22277 - -22302)?
9
What is -15 - ((-4 - 8) + 27 - -53)?
-83
What is 1 + 9 + (-40 - -24) + 3?
-3
-87 + 186 + -77 + 73
95
Evaluate 25 - (2 - (-25 + 8 - -9)).
15
What is the value of (-7 - -95 - 74) + 12?
26
What is the value of (-3 - 2 - 50) + (669 - 687)?
-73
What is the value of 62 + (-127 - -67) - (1 - -55)?
-54
Calculate -58 - ((-1 - (17 - 0)) + (-40 + -127 - -179)).
-52
(184 - (45 + 86)) + (-2 - 39)
12
Evaluate 45 + -92 + 67 + -11.
9
What is the value of (-41 - (-28 - 26)) + (-3 - 71) + -10?
-71
40 - ((-9 - -44) + -9)
14
What is the value of -23 + 12 + (-2 - -22) + -60?
-51
-98 - (26 + -93 + 13)
-44
Calculate -86 + 45 - (5 - (16 - -7 - 13)).
-36
Evaluate (-74 - 0) + -411 + 553.
68
31 + (-41 - -27 - (0 - 6 - -6))
17
Calculate (-25 + 9 - 5 - (92 + -114)) + (9 - -1).
11
What is 4 - (13 + (14 - 26)) - 11 - (-1 - -38)?
-45
What is the value of (7 - 3) + (-6 - (-7 + 12 - 0))?
-7
-949 - -959 - (-32 - 4)
46
What is the value of 46 + 1 - (-4151 + 4193)?
5
What is -1 + -8 + 3 + 3 + 18 + 29?
44
Calculate -5 + (-47 - (-28 + -53)).
29
Evaluate 113 + -208 - -77 - (0 - -1).
-19
Evaluate -34 - (5 + (6 - (21 - -5))).
-19
What is the value of -98 + (33 - (49 + -5)) + -10?
-119
What is the value of 62 - 31 - (-34 - -29)?
36
Calculate -170 + 4 + 69 - -47.
-50
Calculate (-15 - -34) + (8 - 19) - -8.
16
What is the value of (-12 - -15) + (-1 - (0 + -4)) + (-136 - -141)?
11
What is the value of 85 + -71 - (2 + 3) - -13?
22
Evaluate -66 + 62 + -23 + 47 + 0.
20
Calculate 2 + 7 - (-95 + (23 - -73)) - (70 + 0).
-62
What is 22 + 1 + (-6 + 14 - -14)?
45
What is the value of 8 + (103 - 52 - 121)?
-62
What is the value of 60 + -42 + 4 + -149?
-127
Evaluate -13 + 17 + -1 + (-70 + 11 - -8) + 6.
-42
(16 - 40 - -8) + -80 + -4
-100
Calculate 1 + (-313 - -331 - (37 + 0)).
-18
Calculate 2 - (1 + -2) - -33 - 14.
22
What is the value of (3 - 3) + 0 - (-26 - (14 + 60) - -27)?
73
What is the value of -2 - 12 - (-32 + (-38 - -42))?
14
Evaluate -33 + (53 - (34 - -18)).
-32
Calculate -142 + 142 + -2 + 1.
-1
What is (-63 - (70 - 170 - -46)) + -1 + 3?
-7
What is the value of -15 + (42 - 1) + -18?
8
What is 46 + 9 + -17 + (-67 - -70)?
41
What is (42 - (-10 + 59)) + (-12 - -131 - (9 - 2))?
105
What is the value of 68 - (21 - -105 - 63)?
5
-16 + 132 + -11 + 50 + -47
108
Evaluate (-568 - -595) + -3 + 3 + 77 - (1 + -10).
113
91 - ((-66 - -48) + 66)
43
What is the value of 37 + (-119 - (-23 + 2 - -44))?
-105
What is the value of -75 + (28 - 28 - -30) + -16?
-61
What is the value of (-5 - -14 - 13 - -44) + -3 + 15?
52
Calculate (41 - -90 - 8) + -151.
-28
Evaluate -10 + 1 + -11 + 18 - -1 - 20.
-21
What is the value of -20 - (-29 + 48) - -28?
-11
Calculate (-2 - 28) + -68 + (7 - -23).
-68
Evaluate 41 - 12 - (-27 - (-7 - 123)).
-74
Calculate 1229 + -1333 - (3 - 53).
-54
-3 + 116 - (17 + 17 + -1)
80
What is (14 - (42 - -13) - -9 - -7) + -6?
-31